 divisor of 7924 and 196.
28
What is the greatest common factor of 36480 and 1050?
30
What is the greatest common factor of 61 and 98393?
61
What is the greatest common factor of 551 and 7391?
19
What is the highest common factor of 117144 and 216?
72
What is the highest common divisor of 4 and 874492?
4
What is the highest common divisor of 7 and 175672?
7
Calculate the greatest common factor of 2200099 and 11.
11
What is the highest common factor of 53 and 16112?
53
What is the greatest common factor of 152746 and 1166?
1166
Calculate the highest common factor of 779 and 95.
19
Calculate the highest common factor of 134 and 78457.
67
What is the highest common factor of 379427 and 1219?
53
Calculate the highest common factor of 1212664 and 116.
116
What is the highest common divisor of 3357 and 416641?
373
What is the highest common divisor of 1040 and 92620?
20
What is the highest common factor of 2087 and 457?
1
What is the greatest common divisor of 189749 and 49?
7
Calculate the greatest common divisor of 424 and 29892.
212
What is the highest common factor of 21376 and 174014?
334
Calculate the highest common divisor of 77392 and 32.
16
Calculate the greatest common divisor of 910 and 20660.
10
What is the highest common divisor of 3154 and 437?
19
What is the highest common factor of 28470 and 15?
15
What is the greatest common divisor of 31 and 643?
1
Calculate the greatest common divisor of 10482890 and 607.
607
Calculate the highest common factor of 198 and 46197.
9
What is the greatest common divisor of 278460 and 156?
156
Calculate the greatest common factor of 4 and 1987268.
4
Calculate the highest common factor of 8 and 42766.
2
Calculate the greatest common divisor of 1474 and 225368.
22
Calculate the highest common factor of 5018 and 598.
26
What is the greatest common factor of 83328 and 1519?
217
Calculate the highest common divisor of 350856 and 7128.
792
What is the highest common divisor of 92 and 128179?
23
Calculate the highest common divisor of 258 and 44720.
86
What is the highest common divisor of 170 and 2409665?
85
What is the greatest common divisor of 7313879 and 19?
19
Calculate the greatest common factor of 3784 and 581317.
473
What is the highest common factor of 7427 and 49?
7
Calculate the highest common factor of 403 and 9517.
31
What is the highest common factor of 4752 and 47817?
297
What is the highest common divisor of 97960 and 3634?
158
What is the highest common factor of 27552 and 3567?
123
Calculate the highest common factor of 146152 and 120.
8
Calculate the highest common factor of 359 and 10860468.
359
Calculate the greatest common factor of 14597 and 11.
11
What is the highest common factor of 1038312 and 152?
152
Calculate the greatest common factor of 3408915 and 620.
155
Calculate the greatest common divisor of 2556 and 43026.
426
Calculate the highest common divisor of 81 and 2538.
27
What is the greatest common divisor of 75 and 360925?
25
What is the greatest common divisor of 189602 and 467?
467
Calculate the highest common factor of 20860 and 70.
70
What is the highest common factor of 6718188 and 12?
12
Calculate the greatest common divisor of 7860 and 108.
12
What is the highest common factor of 11952 and 40753?
83
Calculate the highest common divisor of 629 and 56018.
37
Calculate the greatest common factor of 2747 and 82.
41
Calculate the greatest common divisor of 1807 and 29562.
13
Calculate the highest common factor of 38701 and 12137.
229
What is the greatest common factor of 7070 and 455?
35
Calculate the highest common divisor of 1653628 and 948.
316
What is the greatest common divisor of 70245 and 3?
3
What is the highest common factor of 218152 and 74?
74
Calculate the greatest common factor of 8249 and 1168.
73
Calculate the greatest common divisor of 646 and 6802.
38
Calculate the greatest common factor of 1686060 and 2850.
570
Calculate the highest common factor of 18007 and 55.
11
What is the greatest common factor of 27180 and 720?
180
Calculate the highest common factor of 25231 and 59238.
1097
What is the highest common factor of 303408 and 1935?
387
Calculate the highest common divisor of 5 and 57055.
5
What is the greatest common divisor of 26216 and 5858?
58
What is the greatest common factor of 44200 and 40?
40
Calculate the greatest common factor of 6720 and 1053024.
672
What is the highest common factor of 75946 and 69?
23
What is the highest common divisor of 1665984 and 128?
64
Calculate the highest common factor of 9417 and 20253.
129
What is the greatest common divisor of 112235 and 125?
5
What is the highest common factor of 121 and 63283?
121
Calculate the greatest common divisor of 5641 and 12.
1
Calculate the greatest common divisor of 4371320 and 80.
40
Calculate the highest common divisor of 5095425 and 300.
75
What is the highest common divisor of 538 and 6233806?
538
Calculate the highest common factor of 16860 and 2460.
60
Calculate the greatest common divisor of 57 and 7321270.
19
What is the greatest common factor of 1015 and 16905?
35
Calculate the highest common factor of 976 and 2806.
122
Calculate the highest common divisor of 2888566 and 166.
166
What is the highest common divisor of 50842 and 44?
22
Calculate the greatest common divisor of 416152 and 88.
88
Calculate the greatest common factor of 1775 and 719230.
355
What is the greatest common divisor of 19344 and 1104?
48
What is the highest common divisor of 235906 and 44?
22
What is the highest common divisor of 1692 and 15839?
47
Calculate the highest common divisor of 216 and 54756.
108
Calculate the greatest common factor of 665 and 11533.
19
Calculate the highest common factor of 12 and 1116264.
12
What is the greatest common divisor of 1332792 and 72?
72
What is the greatest common factor of 25047 and 1?
1
Calculate the greatest common factor of 4700122 and 4746.
1582
Calculate the greatest common factor of 69746 and 129.
43
Calculate the greatest common divisor of 1594755 and 270.
135
Calculate the highest common factor of 11 and 427823.
11
What is the greatest common divisor of 439375 and 19?
19
Calculate the greatest common divisor of 192 and 131744.
32
What is the greatest common factor of 154602 and 4914?
378
Calculate the highest common factor of 22005 and 7680.
15
What is the greatest common factor of 921 and 123107?
307
What is the greatest common divisor of 23344 and 24?
8
Calculate the highest common factor of 1624 and 616.
56
Calculate the greatest common factor of 430108 and 84.
28
What is the highest common divisor of 4800576 and 176?
176
What is the greatest common divisor of 357 and 3621?
51
What is the highest common divisor of 1097919 and 387?
387
What is the greatest common factor of 260 and 290?
10
Calculate the greatest common factor of 4527 and 587504.
503
What is the greatest common divisor of 5343 and 182?
13
What is the highest common factor of 328 and 2389644?
164
What is the highest common factor of 1134 and 150402?
42
Calculate the highest common factor of 84 and 13900.
4
Calculate the highest common factor of 8333527 and 67.
67
Calculate the greatest common factor of 130284 and 385.
77
Calculate the highest common divisor of 788814 and 234.
234
What is the greatest common factor of 125226 and 27?
27
What is the highest common factor of 86135 and 6440?
805
Calculate the greatest common divisor of 64 and 3368.
8
Calculate the highest common divisor of 124 and 181877.
31
What is the highest common divisor of 12519 and 689?
13
Calculate the highest common factor of 26866 and 2626.
202
What is the greatest common divisor of 60 and 45660?
60
What is the greatest common divisor of 5369396 and 23?
23
Calculate the highest common factor of 3842 and 6596.
34
Calculate the highest common factor of 189 and 12677.
7
What is the highest common factor of 15028 and 8432?
68
What is the greatest common divisor of 2453 and 539?
11
Calculate the highest common divisor of 448 and 593584.
16
What is the highest common factor of 5222678 and 523?
523
Calculate the highest common factor of 400 and 22240.
80
Calculate the highest common factor of 114928 and 176.
176
Calculate the greatest common divisor of 12328 and 920.
184
Calculate the highest common factor of 640 and 887